e factors of b/6 + 8/(-48)?
2, 3
Suppose -3*w - 5*o + 27 = -26, 3*w = -2*o + 50. What are the prime factors of w?
2
Let o(d) = -2*d**3 + 3*d**2 + 2*d + 1. What are the prime factors of o(-2)?
5
Let c = -7 - -21. What are the prime factors of c?
2, 7
Let a(r) = -10*r - 3. Let d(b) = b**3 + 2*b**2 - b + 2. Let f be d(-3). List the prime factors of a(f).
37
Let w(d) = d**2 - 10*d + 10. Let z be w(11). List the prime factors of (-3 - z/(-9))*-18.
2, 3
Suppose n + 2 = -4. Let v be 11 - 5/((-10)/n). Suppose -6 = s - v. List the prime factors of s.
2
Let z(v) = -v**3 + v**2 - v - 4. Let o be (3 - 4) + 1*-2. List the prime factors of z(o).
5, 7
Let p = 10 - 15. Let f = p + 4. Let l = 9 + f. What are the prime factors of l?
2
Let z be (6/(-8))/(1/(-4)). Suppose -z*y + 60 = 2*y. Suppose -y + 36 = 2*o. What are the prime factors of o?
2, 3
Let v be -1 + -2*3/(-2). Let c be (v + 0 - 1)*0. Suppose 3*t + r - 28 = c, 2*r = -5*t - r + 52. What are the prime factors of t?
2
Suppose 5*a - 10 = -4*g + 12, 0 = 5*g - 5*a - 5. Let k be -3*(3/(-1))/g. Suppose -5*j + 15 = 0, -2*j + k*j = s - 10. List the prime factors of s.
13
Suppose y = -5*b + 51, -6*b = -3*y - 2*b + 115. What are the prime factors of y?
41
Let n(v) = -11*v**3 - v**2 - 2*v - 1. Let l be n(-1). What are the prime factors of l/55 + (-139)/(-5)?
2, 7
Let w(u) = -57*u + 26. List the prime factors of w(-5).
311
What are the prime factors of (-1809)/(-63) + (-4)/(-14)?
29
Let y = 17 + -21. Let u(b) = 2*b**2 - 4. What are the prime factors of u(y)?
2, 7
Let z be (-52)/6*(-27)/18. Suppose 0 = 3*c + 5*y - 2*y - 15, 0 = -3*c - y + z. List the prime factors of c.
2
Let d(j) = 3*j**3 - 4*j - 5. Let g(k) = -4*k**3 - k**2 + 5*k + 6. Let m(c) = 5*d(c) + 4*g(c). Let p be m(-4). Let a = p - -4. List the prime factors of a.
3
Suppose 3*c - x = 20, -5 = 4*c - 6*c - x. Suppose -4*q - 9 = w - 72, q = -c*w + 30. List the prime factors of q.
3, 5
Let j be ((-18)/(-6))/((-2)/(-4)). What are the prime factors of (70 + -1)*j/18?
23
Let g = -52 - -35. Let t = g + 33. What are the prime factors of t?
2
Suppose -2*l = -l - 4. Suppose l*s + 10 = 3*s. List the prime factors of 4/s + (-141)/(-15).
3
Let z(n) = n**3 - 6*n**2 + 6*n + 1. Let c = -7 - -12. What are the prime factors of z(c)?
2, 3
Let r(u) = u**3 - 3*u**2 + u - 1. Let h be r(3). Let m be 12 - h/4*2. List the prime factors of (m/4)/((-1)/(-4)).
11
Suppose 1 + 8 = -3*f. Let n be (-2)/2 + (-3)/3. What are the prime factors of 13 + n + (f - -1)?
3
Let g(h) = -35*h + 11. What are the prime factors of g(-4)?
151
Suppose 0*y + i + 252 = 5*y, 2*y + i - 98 = 0. Suppose 5*c - y = -15. What are the prime factors of c?
7
Let w(k) = -k - 13. List the prime factors of w(-17).
2
Let c be ((-60)/(-8))/(2/4). Let u = c - 9. What are the prime factors of u?
2, 3
Suppose -g = -3*g - 90. What are the prime factors of (-1)/(3/g) + 1?
2
Suppose m + 4*w = 116, 0 = 3*m - 2*w - 0*w - 334. List the prime factors of m.
2, 7
What are the prime factors of (-10)/3*(-18)/5?
2, 3
What are the prime factors of 5 + -4 + 7*44?
3, 103
Suppose 20 = -j + 65. What are the prime factors of j?
3, 5
Let j be (-1)/(-2) + (-11)/(-2). What are the prime factors of (5 - 2)*22/j?
11
Let i be (3/6)/(2/(-84)). What are the prime factors of i/(-7) + 26/1?
29
List the prime factors of (21 - -2 - 6) + (0 - -1).
2, 3
Let t = -265 + 481. What are the prime factors of t?
2, 3
Let g(o) = -2*o - 6. List the prime factors of g(-12).
2, 3
Let x(j) = j**3 + j**2. What are the prime factors of x(4)?
2, 5
Let t(z) = -z**3 + 8*z**2 - 8*z + 4. What are the prime factors of t(6)?
2, 7
Suppose 0 = 12*x + 3*x - 3810. List the prime factors of x.
2, 127
Let w(l) = l**3 - 3*l + 2. What are the prime factors of w(3)?
2, 5
Let b be (-1 - -1)*(4 + -3). Suppose b = -3*m + 5*r - 0*r, -5*m = 2*r - 31. What are the prime factors of m?
5
Let h(n) = n**2 + 6*n - 1. Let k be h(-7). List the prime factors of (-9)/(-3) + k + 0.
3
Suppose -15 + 50 = 5*m. Suppose 0 = -2*s + m + 5. Suppose f - 5*b + 4*b - s = 0, 0 = 4*b - 4. List the prime factors of f.
7
Let g be (-3)/((-3)/(-13))*-5. Suppose 5*z + 15 = -g. Let x = z + 23. List the prime factors of x.
7
Let n(x) = -3*x**2 + 6*x + 3. Let g be n(3). List the prime factors of 18*(2 + 8/g).
2, 3
What are the prime factors of 3 - (-31 + (-16)/4)?
2, 19
Suppose 0 = s + 2 - 5. Suppose 11 = 2*r - s*f, -2*r + 12 + 5 = 3*f. List the prime factors of r.
7
Let z(g) = g**3 - 7*g**2 - 9*g + 11. Let a be z(8). Suppose v + 5*c + 28 = 6, -15 = a*c. Suppose -5 = v*o - 26. List the prime factors of o.
7
Let m(o) = -5*o**2 - 6*o. Let y(d) = -15*d**2 - 17*d. Let k(b) = 17*m(b) - 6*y(b). Suppose -4*w = -2*x - 4 - 10, -4*w = -16. List the prime factors of k(x).
5
Suppose 12 = 5*w - 2*w. Suppose 2 = -2*m - 3*a + w, -m + a = -6. List the prime factors of m.
2
Let j be (-20)/12 - 2/6. What are the prime factors of 1*23 - (3 + j)?
2, 11
Let i = 4 + 1. Suppose -1 = -i*u + 14. Suppose 5*d + 2*s = 98, u*d - s - 63 = 2*s. What are the prime factors of d?
2, 5
Let r = 56 + 6. What are the prime factors of r/3 - 2/(-6)?
3, 7
Let g(k) = -2 + 4 + 2 + 8*k - 5. Let h be g(1). Suppose -h*p = -3*p - 16. List the prime factors of p.
2
Let p(c) = -9*c - 28. What are the prime factors of p(-20)?
2, 19
Suppose -3*c + 0*c = 2*y - 31, -5*c + 3*y = -39. Let p = c - 6. Suppose 4*v + p = -m - 4, -4*v + 13 = 5*m. What are the prime factors of m?
5
Suppose -5*v - 3*x + 35 + 5 = 0, 0 = -3*v - x + 24. List the prime factors of v.
2
Let a be 1*(152/2 + -3). Suppose 3*f + 22 = -s + 69, -3*s + a = 5*f. List the prime factors of f.
17
Let g(t) = -t**3 + 3*t**2 + 2*t - 1. Let n be g(3). Let u be (-6)/9 - n/(-3). What are the prime factors of (4/3)/(u/3)?
2
Let l(k) = 28*k - 3. What are the prime factors of l(2)?
53
Suppose 6*q - 10 = 26. Suppose q*x = x, 2*i = -2*x + 20. List the prime factors of i.
2, 5
Suppose 4 = 2*v + 18. Let l be (49/v)/(1/7). Let y = -30 - l. What are the prime factors of y?
19
Let y = -9 - -14. Suppose -2*w + 7 + y = 0. What are the prime factors of w?
2, 3
Suppose 4*k = 2*k + 60. Suppose 5*c - 20 = 0, 0 = 2*l + 4*c + c - k. What are the prime factors of l?
5
Suppose 6*k + 0*k = 180. List the prime factors of k.
2, 3, 5
Suppose a - 8 + 1 = 0. Suppose 0 = 3*h - a*h + 40. List the prime factors of h.
2, 5
Let x(f) be the first derivative of 2*f**4 + f**3/3 + 12. Suppose -7*j - 2*b = -4*j - 11, 2*j - 2*b + 6 = 0. List the prime factors of x(j).
3
Let q = -165 + 357. List the prime factors of ((-5)/(-4))/(6/q).
2, 5
Let x be (-3)/(-6)*-2 - -16. Let d = 8 - x. Let j(t) = -t**2 - 8*t - 4. What are the prime factors of j(d)?
3
Suppose s = -2, 3*y + 4*s + 40 = 263. List the prime factors of y.
7, 11
Let j(v) be the second derivative of v**4/4 - v**3/3 - v**2 + v. List the prime factors of j(2).
2, 3
Suppose 5*q = -5*x + 40, -4*q + 27 = x + 2*x. Suppose -5*y = 5*s - 245, -1 = q*s - 10. Let m = -26 + y. List the prime factors of m.
2, 5
Let c = 89 + -35. Suppose c = -3*a + 6*a. What are the prime factors of a?
2, 3
Suppose 0 = 3*q + 3 - 18. Suppose o = 9 + q. Suppose 4 = 2*x - 0*x, t - o = -3*x. What are the prime factors of t?
2
Let w = -47 - -19. Let r be 19/7 - 8/w. Suppose 3*o - 8 = -4*d + 11, r*d = o - 15. List the prime factors of o.
3
Suppose -5*b + 176 = -b. List the prime factors of b.
2, 11
Suppose 4*u - 40 = -5*n + 28, -3*u + 82 = -4*n. Suppose 5*q - 177 = -u. List the prime factors of q.
31
Let t = -1 + 7. List the prime factors of t/30 - (-79)/5.
2
Let f = 25 + -13. Suppose 18 = -6*d + 3*d. Let g = d + f. List the prime factors of g.
2, 3
Suppose -5*u - 6 = -7*u. Let m be -3*(0 + 4/(-3)). Suppose -u*d + 5*q = d - 21, 0 = m*q + 4. What are the prime factors of d?
2
Suppose -4*n - n = 60. List the prime factors of (4/5)/(n/(-330)).
2, 11
Suppose -6 = -5*y + 2*y. Suppose 0 = 4*x + 3*f - 0*f - 65, -5*x - y*f + 76 = 0. What are the prime factors of x?
2, 7
Suppose -3*y + 6 = -2*y. Let m(p) = -p**2 + 8*p - 1. List the prime factors of m(y).
11
Let j(a) = -2*a + 6. Let z be j(-5). Let d be (z/28)/(2/7). Suppose -t - 2 = -d*t. What are the prime factors of t?
2
Suppose 2*p = 5*p - 33. What are the prime factors of p?
11
Let r = 97 + -55. List the prime factors of r.
2, 3, 7
Let k = -33 - -19. Let h = k + 34. What are the prime fact